2*a = -15, 17 = o - 4*a. Calculate the remainder when 191 is divided by o.
17
Let d be (-52)/14 + (64/(-28))/8. What is the remainder when 228 is divided by (-5 + 26/(-4))*d?
44
Let z(w) = w**2 - 2*w - 5. Let s = -59 - -64. Suppose 0*d = s*d - 75. Calculate the remainder when z(-6) is divided by d.
13
Suppose 1540 = -146*u + 168*u. Calculate the remainder when 150 is divided by u.
10
Suppose 2*r + 2*q - 157 = 7*q, -r - 2*q + 65 = 0. Suppose 82*c - 76*c - 108 = 0. What is the remainder when r is divided by c?
17
Suppose 16*s = 25*s - 1341. Calculate the remainder when s is divided by 10.
9
Suppose -1678*b = -1672*b - 60. Calculate the remainder when 39 is divided by b.
9
Let i(q) = -4*q - 16. Let y be i(10). Let l = -40 - y. Calculate the remainder when 26 is divided by l.
10
Suppose -5*w - 2*x - 13 = 0, -4*w + w + 2*x = 11. Let o(y) = y**2 + 4*y - 3. What is the remainder when o(4) is divided by 66/w*(-4)/8?
7
Suppose -5*p - 181 = -256. Calculate the remainder when 40 is divided by p.
10
Suppose 26 = 4*p - 122. Calculate the remainder when p is divided by (1 + -11)/((-26)/4 + 6).
17
Let g(b) = -89*b - 48. What is the remainder when g(-2) is divided by 33?
31
Suppose -7*o + 76 + 29 = 0. Suppose 5*d - 15 + 5 = 0, 5*b = 3*d + 279. What is the remainder when b is divided by o?
12
Let v(b) = 2*b - 1. Let d be v(5). Suppose 4*t - 5*g = -12 + 129, -3*g + d = 0. Calculate the remainder when 97 is divided by t.
31
Let q = 126 + 346. What is the remainder when 68 is divided by q/32 + 3/(-4)?
12
Let n be 51/12 + 2/(-8). Suppose -y = -n*y + 3. What is the remainder when 34 is divided by 18*(y - 1/2)?
7
Let c be -1*(-9)/(-6)*-14. Suppose 0 = 2*l - 5*t - c, 2*l + 3*t - 63 = -l. Let y = l - -9. What is the remainder when 107 is divided by y?
26
Suppose 0*z + 2*z = 78. Suppose -20018 = 36*g - 20306. What is the remainder when z is divided by g?
7
Suppose 54 + 212 = 14*x. Suppose 0 = 2*s - 0*s - 4*m, -2*m + 12 = -4*s. Calculate the remainder when (-4)/s*37*1 is divided by x.
18
Suppose -5*g = -40 - 25. Suppose 0 = -2*i - 2*q - 36, q + 140 = -5*i + 34. Let u = 72 + i. Calculate the remainder when u is divided by g.
11
Suppose 284 = -c + 297. Calculate the remainder when 311 is divided by c.
12
Let c(x) = -2*x. What is the remainder when ((-5)/(2 - (-42)/(-36)))/(4/(-26)) is divided by c(-2)?
3
Suppose 10 = 2*y, -y + 19 = -3*z - 2*y. Calculate the remainder when 51 is divided by (-2)/(z/(-12)) + 21.
15
Let o = 316 + -2. Calculate the remainder when o is divided by 40.
34
Let f be (-1)/(-2 - (-177)/87). Let l(c) = -c**2 - 28*c + 51. Calculate the remainder when 60 is divided by l(f).
16
Suppose -6*s + 5*s = -14. Suppose v = 5*h, 3*v - h - 56 + s = 0. What is the remainder when v is divided by 4?
3
Let m(c) = 9*c - 56. What is the remainder when 97 is divided by m(9)?
22
Suppose 4*n = -3*z + 31 + 12, -2*z + 7 = n. Suppose -3*k - 5*x = -175, -5*k + 2*x + 240 = -0*k. Calculate the remainder when k is divided by n.
11
Let g(s) = -s**3 - 9*s**2 + 22*s + 3. Let r be g(-11). Suppose -2*t + 0*n = 2*n - 36, 0 = -3*t + r*n + 36. Calculate the remainder when 23 is divided by t.
8
Suppose q + q = 12*q - 340. Let u(m) = -m**2 + m + 4. What is the remainder when q is divided by u(0)?
2
Suppose -429 = -2*h - 5*z, z - 650 = -3*h - 0*z. Calculate the remainder when h is divided by 22.
19
Let z be 1 + ((-8)/(-2) - 0). Suppose -z = -c - 6, 0 = -k - 2*c + 2. Calculate the remainder when k is divided by 3.
1
Let y(c) = -c**2 + 13*c - 20. Let f(t) = -t**2 + 6*t + 9. Let l be f(6). Calculate the remainder when 76 is divided by y(l).
12
Suppose 3*x - 115 = -2*x. Suppose 5*o = -3*c + 8, 31*o - 26*o - 14 = -4*c. Calculate the remainder when x is divided by c.
5
Let s = -13 + 19. Let f(t) = t**3 + 3*t**2 - 3*t - 5. Let b be f(s). Suppose b - 946 = -5*a. What is the remainder when a is divided by 33?
30
Suppose -8*l + 12*l = 0. Suppose 0 = a - l*a + 18. Let x = -16 - a. What is the remainder when 2 is divided by x?
0
Suppose -10 = -2*x - 3*s, 3*s = -4*x - s + 16. Suppose 0 = -2*o, 4*j - 5*o - 16 = x*j. Calculate the remainder when 9 is divided by j.
1
Calculate the remainder when 191 is divided by (-32)/(-2) + -2 + 20 + -21.
9
Let y = -616 - -1183. Calculate the remainder when y is divided by 38.
35
Suppose 5*f = 9*t - 4*t - 55, -t = 5*f + 1. Suppose -16 + t = -s. Calculate the remainder when s is divided by 4.
3
Calculate the remainder when (3 + 0 + 3 + -31)*-2 is divided by 21.
8
Suppose 4*t = -t + 75. Let q(k) = -k + 1. Let u be q(-1). Let g = u + t. What is the remainder when 67 is divided by g?
16
Suppose 2*m + 270 = 7*m. Calculate the remainder when m is divided by 11.
10
Let h(m) = -2*m**3 - 26*m**2 + 28*m + 26. Let u = 159 + -62. Suppose -3*z + u = -212. What is the remainder when z is divided by h(-14)?
25
Suppose 3*x + 2*x + 2*s - 91 = 0, -5*x + 101 = -3*s. Let h = -3 - -8. Let b = 0 + h. What is the remainder when x is divided by b?
4
What is the remainder when (1/3)/(1/234) is divided by (23/(-1))/(5 - 0 - 6)?
9
Suppose 52 = 6*p + 7*p. Suppose 3*s - 528 = -0*s. Suppose 2*g + 2*m + 223 = 7*g, 0 = p*g - m - s. What is the remainder when g is divided by 15?
13
Suppose -3 = 4*m + 1. Calculate the remainder when (2/6)/m*-6 is divided by (6/(-2))/((21/(-2))/7).
0
Suppose 2*g = -v + 4, 4*g = 3*v - 9 - 13. Let p be (-9)/v*(-20)/6. Suppose -2*l + p*k + 1 = 18, l - 4*k = -16. What is the remainder when 15 is divided by l?
3
Let l = 150 + -84. What is the remainder when 30 is divided by (l/15)/((-6)/(-15))?
8
Suppose -j = -0*j + 708. Let s(l) = -l**3 - 7*l**2 - 10*l - 2. Let f be s(-3). Calculate the remainder when (6/9)/(f/j) is divided by 15.
14
Let a be -3 - -3 - (-8)/2. Suppose -4*t + 213 = 3*m, -2*t + t + a*m = -39. Calculate the remainder when t is divided by 18.
15
Let z(k) = 21*k + 2. Suppose 0 = x - 2*u - 7, x = 6*x + 4*u + 7. Let h(m) = 3*m - 3. What is the remainder when z(x) is divided by h(4)?
5
Suppose 10*g = 11*g. Suppose 4*v + 0*i - 3*i - 80 = g, -5*v - 2*i + 77 = 0. What is the remainder when v is divided by 9?
8
Suppose 65*y - 1374 = 1031. What is the remainder when 113 is divided by y?
2
Let a = 50 + 43. Calculate the remainder when a is divided by 14.
9
Let m(g) = -14*g**3 + 2*g**2 - 1. Let u be m(-1). Suppose -c = 4*c - u. Suppose c*t - t = 46. Calculate the remainder when t is divided by 13.
10
Suppose 4*o + 3*p = 139, -3*p + 18 = 3*o - 84. Let h = 34 - 34. Suppose 0 = -r - 4*b - h*b - 3, -5*r - b = -61. Calculate the remainder when o is divided by r.
11
Let f(q) = -9 + q**2 + 9 - 3 - 21 - 6*q. Suppose h - 2*y - 36 = -h, 3*h = -4*y + 47. What is the remainder when f(11) is divided by h?
14
Let f = 702 - 429. Calculate the remainder when f is divided by 23.
20
Suppose -t = -285 + 209. Let h = t + -51. What is the remainder when 95 is divided by h?
20
Suppose 3 - 57 = 9*o. Let v(l) = -11*l - 18. Suppose 2*t = a + 26, 0*t - t - a + 13 = 0. What is the remainder when v(o) is divided by t?
9
Let x = -24 + 51. Let v(k) = k**2 + 37*k - 28. What is the remainder when x is divided by v(-38)?
7
Let y = -57 + 33. Let m(v) = v**2 + 23*v - 21. What is the remainder when 3 is divided by m(y)?
0
Let x be ((-67)/3 + 3)*-3. Suppose u + x = 5*t - 3*u, 4*t - 46 = 3*u. Calculate the remainder when 22 is divided by t.
2
Let o(b) = 56*b - 155. Calculate the remainder when o(27) is divided by 151.
149
Let w be (6/6 - 21)/(-3 + 1). Calculate the remainder when 8 is divided by 5/w*32/2.
0
What is the remainder when 819 is divided by (-6)/(-4)*13/(-78)*-80?
19
Let k(f) = 16*f + 185. Calculate the remainder when 283 is divided by k(-8).
55
Suppose -3*g + 4*g - j = 674, -g - 3*j = -662. Calculate the remainder when g is divided by 27.
23
Suppose 4*n + 0*n + 12 = 0. Let x be n*1*5/15. What is the remainder when (-2 - x)/(-2)*68 is divided by 12?
10
Let v(t) = -t**3 + 34*t**2 - 37*t + 136. Calculate the remainder when 49 is divided by v(33).
1
Suppose -t + 0*t - 83 = -5*c, 5*c = -5*t + 65. Let r = 6749 + -6718. Calculate the remainder when r is divided by c.
15
Let j = -287 - -832. Calculate the remainder when j is divided by 42.
41
Let h = -110 - -126. Suppose -h*o = -11*o - 1020. Calculate the remainder when o is divided by 41.
40
Let b(h) = h**3 - 8*h**2 - 2*h + 84. Calculate the remainder